-2 + n. List the prime factors of (-279)/(-15) - 2*m/50.
2, 3
Suppose -56 = 2*m - 10*m. Let u be (-2 - -2)/((-14)/m). Suppose -2*j + 5*j - 36 = u. What are the prime factors of j?
2, 3
Let w = 74702 + -33319. What are the prime factors of w?
29, 1427
Suppose 39*a = -6*a + 189450. List the prime factors of a.
2, 5, 421
Let x(o) be the first derivative of -o**4/2 + 13*o**3/6 + 15*o**2/2 + 10. Let c(t) be the second derivative of x(t). What are the prime factors of c(-6)?
5, 17
Let o(n) = -n**2 - 17*n - 41. Let i be o(-6). Let q(p) = p**2 - 11*p - 36. List the prime factors of q(i).
2, 157
Suppose 0 = 4*b - b + 3, -2*b + 4 = 2*s. Suppose s*p - 11 = d, -2*d - 18 = -2*p - 4*d. Let y(w) = 6*w**2 + w - 35. List the prime factors of y(p).
2, 3, 5
Suppose 3*x - 48677 = l - 2598, -5*x + 76815 = -5*l. What are the prime factors of x?
2, 7, 1097
Let z be ((-4)/2)/((-2)/14). Suppose 8*s - 2 = z. List the prime factors of (6/4)/(s + (-54)/28).
3, 7
Let u(c) = 20545*c + 848. What are the prime factors of u(1)?
3, 2377
Let f be 12/24 + 14/4 + 0. Suppose -4*x + 1087 + 1721 = -f*o, 2*x + o = 1389. What are the prime factors of x?
17, 41
Let o be -5 - -13*(-36)/(-4). Suppose x + o = 416. What are the prime factors of x?
2, 19
Let t(m) = -6*m + 41. Let h = 56 - 50. Let a be t(h). Suppose 0 = x + 3*w - 123, -5*x = -2*x + a*w - 385. List the prime factors of x.
3, 5
Suppose 7 = j + 9. Let x(q) = 11*q**3 - q**2 - 7*q - 5. Let h be x(j). Let s = h - -91. What are the prime factors of s?
2
Suppose -x = -6*x - 4*d + 14, 0 = 5*d - 5. Suppose -4*z - 124 = -x*i, 2*z = -15*i + 13*i + 100. List the prime factors of i.
2, 3
List the prime factors of (28468/(-6) - -2)/((-280)/420).
2, 3557
Let h(w) = 27*w**3 - 42*w**2 + 373*w + 69. What are the prime factors of h(11)?
35027
Suppose -3*p - 555*r + 560*r = -73832, 3*r = -5*p + 123008. List the prime factors of p.
2, 6151
Let x(k) = 55*k**2 + 56*k**2 - 151*k - 8 - 122*k**2. List the prime factors of x(-13).
2, 3
Suppose -3*a + c - 283 + 3588 = 0, -3*c - 3309 = -3*a. Let l = a + -357. List the prime factors of l.
2, 3, 31
Let g = 83 + -48. List the prime factors of (g/(-7) - 2) + 1177.
2, 3, 5, 13
Let f(b) = 3*b**2 - 29*b - 17. Let v(c) = -2*c**2 + 14*c + 8. Let r(g) = -3*f(g) - 5*v(g). List the prime factors of r(12).
359
Let l = 221 - -164. Suppose -5*k = -2*t - 1904, 2*k - t = 3*k - l. List the prime factors of k.
2, 191
List the prime factors of 21/(1638/6500)*(68 + 1).
2, 5, 23
Let y(o) = 4 - 6 - 4*o + 9*o + 4 + 5*o**2. Let z be y(-3). Suppose 0 = -2*m + z - 26. List the prime factors of m.
3
Suppose 5*y = -2972 + 42. Let w = y - -1195. List the prime factors of w.
3, 7, 29
Let m(d) = 10 + 5*d**2 + d**3 + 13 - 15 + 8*d. Let n be m(-5). What are the prime factors of -2 + 1 - n*(7 + -3)?
127
Suppose 0 = z + q - 1175, -z + 2*q = 4*q - 1172. List the prime factors of z.
2, 19, 31
Let n be ((-12)/(-7))/((-5)/(-35)). Suppose n*u = 6*u + 18. Suppose 3*s = -u*j + 4*j - 74, -5*s + 90 = j. What are the prime factors of j?
2, 5
Let r = 2467 + 6370. What are the prime factors of r?
8837
Let q(a) = -116*a**2 + 2. Suppose 2*d = -2*j + 10, 4*j - d - 14 = -3*d. Let c(i) = 117*i**2 - 1. Let n(u) = j*q(u) + 3*c(u). What are the prime factors of n(1)?
2, 3, 5
Let w(l) = -2*l**2 - 24*l - 10. Let o be w(-11). Suppose -5*c - 2947 = -o*c. What are the prime factors of c?
421
Let r = -33219 - -74532. What are the prime factors of r?
3, 47, 293
Let r(h) = 3*h**2 + 26*h - 6. Suppose -148 = -3*a - 31. Let g = a + -51. List the prime factors of r(g).
2, 3, 19
Suppose 47 = -4*s + 15. What are the prime factors of 17840/72 + s/(-36)?
2, 31
Let m be (1665 + 7 + -3)*1. Suppose -3*b = -m + 508. List the prime factors of b.
3, 43
Suppose 0 = 5*m + 4*n + 825, -2*n + 825 = -7*m + 2*m. Let b = m - -388. What are the prime factors of b?
223
Let s(f) = 4*f**2 - 30*f + 24. Let z be s(-10). Let v = z + -310. What are the prime factors of v?
2, 3, 23
Let x = -2737 + 4339. What are the prime factors of x?
2, 3, 89
Let g(f) = -f**2 + 6*f + 39. Let n be g(10). List the prime factors of 1/2 + (-422)/(-4) + n.
3, 5, 7
Let w = 16096 + -6418. List the prime factors of w.
2, 3, 1613
Let k(q) = 71*q - 57. Suppose 142 - 42 = 10*u. List the prime factors of k(u).
653
Suppose -3*a - 1701 = -21*r + 20*r, -4*r + 6770 = 5*a. What are the prime factors of r?
3, 5, 113
Suppose 103 = -c + 418. List the prime factors of 1/(1/c) + 6.
3, 107
Let w(m) = -m**3 + m**2 - 2. Let z be w(0). Let t be z/6 + 2210/15. Suppose 339 = 9*o - t. What are the prime factors of o?
2, 3
Suppose 0 = -4*o - 5*f + 29306, 2*f + 18 = 5*f. List the prime factors of o.
13, 563
Let q = -14197 - -39583. List the prime factors of q.
2, 3, 4231
Let n(c) = -c - 11. Let m(j) be the third derivative of j**3/6 + 9*j**2. Let z(b) = 4*m(b) + n(b). What are the prime factors of z(-12)?
5
Let m be 2677/(-5) - 8/(-20). Let f = 824 + m. List the prime factors of f.
17
Let p(h) = -h**2 - 30*h - 103. Let w be p(-26). List the prime factors of -6*w*(-2052)/81.
2, 19
Let s(v) = 4*v**2 + 920 + 12*v - 5*v**2 - 908. Let u be s(12). Let n = 230 + u. What are the prime factors of n?
2, 11
Let z = 3383 - -17217. What are the prime factors of z/44 - 8/44?
2, 3, 13
Let a(o) = -o**3 - 49*o**2 - 86*o + 294. List the prime factors of a(-50).
2, 3547
Let q = 14 + -20. Let k(j) = 6*j**2 - 25*j + 23. Let d(y) = -7*y**2 + 26*y - 23. Let t(z) = q*k(z) - 5*d(z). What are the prime factors of t(15)?
2, 13
What are the prime factors of ((-22704)/(-128))/(14/112)?
3, 11, 43
Let y = 193 - 89. Let w = y + 1036. What are the prime factors of w?
2, 3, 5, 19
Let p(l) = 7*l**2 - 13*l - 12. Let i be p(-7). Let y = -232 + i. Let d = y + -110. List the prime factors of d.
2, 5
Let h(r) = 345*r**2 - 26*r + 96. Let i be h(10). Suppose 48*d - 46448 = i. What are the prime factors of d?
3, 11, 17
Let n(r) be the second derivative of 25*r**4/12 + 25*r**3/6 - 98*r**2 + 2*r + 22. What are the prime factors of n(6)?
2, 7, 61
Let o = -652 - -7829. List the prime factors of o.
7177
Let t be 63/(-6) - 1/(8/12). Let k = 12 + t. Suppose 2 = -j, -2*n + 2*j - 3*j + 204 = k. What are the prime factors of n?
103
Let h(v) = 8*v**2 - 18*v + 247. List the prime factors of h(25).
3, 13, 41
Let i(u) = -u**3 - 4*u**2 - 5*u - 16. Let z be -3 + 69 + (0 - -4). Let q be (2/4)/((-7)/z). What are the prime factors of i(q)?
2, 17
What are the prime factors of 294/1568 + (-70810)/(-32)?
2213
Suppose -1203*h = -1198*h - 44135. What are the prime factors of h?
7, 13, 97
Let w(a) = -6*a + 115. Let g be -8 - -8 - ((3 - 1) + -3). Let b be ((-2)/g + 2)*3/(-3). List the prime factors of w(b).
5, 23
Suppose -5*w - 3945 = 5*b, -201 = b + 5*w + 568. Let d be (-4)/2*b/4. Let p = d + -145. What are the prime factors of p?
2, 3, 7
Let n be (-52 - -50)/(2/(-5)*1). What are the prime factors of 2081/n - -2 - (-92)/(-460)?
2, 11, 19
What are the prime factors of (-143)/(-11) + -10 + 37826 + 4?
3, 12611
Suppose -4*g + 64*k + 87697 = 65*k, -4*k = -g + 21920. List the prime factors of g.
2, 3, 7, 29
Suppose 2266021 + 1091393 = 169*r - 154744. What are the prime factors of r?
2, 10391
Suppose -b - 22*a + 17*a + 807 = 0, 2*a = 3*b - 2472. Suppose 21*h - 3*l = 20*h + b, 4*h = 3*l + 3333. What are the prime factors of h?
3, 31
Suppose 15*u - 7*u = 416. Suppose 2*y + 5*c = -3*y - 60, 3*y - 5*c = -u. Let f = 20 - y. List the prime factors of f.
2, 17
Suppose 95*x + 17314 - 2246204 = 0. List the prime factors of x.
2, 11731
Suppose -1506 = -17*o - 6181. Let l be (-1)/((-2)/1068) + -3. Let w = o + l. List the prime factors of w.
2
Suppose 49950*p - 49963*p + 292331 = 0. What are the prime factors of p?
113, 199
Suppose -3*y + 5*d = -7147, 4*y - 3*y = 4*d + 2387. Suppose 5*b = 4*r + y + 404, -2*b - 3*r + 1127 = 0. List the prime factors of b.
13, 43
Suppose 1259 = -2*g + 3*r, 14*g + 640 = 13*g + 5*r. Let q(f) = -f**3 + f**2 - 7*f - 5. Let l be q(7). Let m = l - g. What are the prime factors of m?
277
Let b = 357 + -357. Suppose b = -q - 3*l + 872, -2*l = 4*q - 1619 - 1849. What are the prime factors of q?
2, 433
Suppose 0 = 4*q + t - 564, 0*t - 3*t - 282 = -2*q. Suppose 0 = q*v - 144*v + 90. List the prime factors of v.
2, 3, 5
List the prime factors of (312/312)/(0 - (-2)/23726).
11863
Suppose 0 = -16*h + 13*h